{"id":200,"date":"2021-04-15T19:24:05","date_gmt":"2021-04-15T19:24:05","guid":{"rendered":"https:\/\/vortex-chemicals.com\/?page_id=200"},"modified":"2021-07-08T02:46:07","modified_gmt":"2021-07-08T02:46:07","slug":"locations","status":"publish","type":"page","link":"https:\/\/vortex-chemicals.com\/index.php\/locations\/","title":{"rendered":"Locations"},"content":{"rendered":"\t\t<div data-elementor-type=\"wp-page\" data-elementor-id=\"200\" class=\"elementor elementor-200\" data-elementor-settings=\"[]\">\n\t\t\t\t\t\t\t<div class=\"elementor-section-wrap\">\n\t\t\t\t\t\t\t<section class=\"elementor-section elementor-top-section elementor-element elementor-element-4f1a07d elementor-section-boxed elementor-section-height-default elementor-section-height-default\" data-id=\"4f1a07d\" data-element_type=\"section\">\n\t\t\t\t\t\t<div class=\"elementor-container elementor-column-gap-wide\">\n\t\t\t\t\t<div class=\"elementor-column elementor-col-66 elementor-top-column elementor-element elementor-element-bd0e975\" data-id=\"bd0e975\" data-element_type=\"column\">\n\t\t\t<div class=\"elementor-widget-wrap elementor-element-populated\">\n\t\t\t\t\t\t\t\t<div class=\"elementor-element elementor-element-c81e97c elementor-widget elementor-widget-google_maps\" data-id=\"c81e97c\" data-element_type=\"widget\" data-widget_type=\"google_maps.default\">\n\t\t\t\t<div class=\"elementor-widget-container\">\n\t\t\t<div class=\"elementor-custom-embed\"><iframe frameborder=\"0\" scrolling=\"no\" marginheight=\"0\" marginwidth=\"0\" src=\"https:\/\/maps.google.com\/maps?q=Galeana%20630%20El%20Lechugal%2066376%20Santa%20Catarina%2C%20N.L.&amp;t=m&amp;z=14&amp;output=embed&amp;iwloc=near\" title=\"Galeana 630 El Lechugal 66376 Santa Catarina, N.L.\" aria-label=\"Galeana 630 El Lechugal 66376 Santa Catarina, N.L.\"><\/iframe><\/div>\t\t<\/div>\n\t\t\t\t<\/div>\n\t\t\t\t\t<\/div>\n\t\t<\/div>\n\t\t\t\t<div class=\"elementor-column elementor-col-33 elementor-top-column elementor-element elementor-element-4b60a57\" data-id=\"4b60a57\" data-element_type=\"column\">\n\t\t\t<div class=\"elementor-widget-wrap elementor-element-populated\">\n\t\t\t\t\t\t\t\t<div class=\"elementor-element elementor-element-24a6c07 elementor-widget elementor-widget-text-editor\" data-id=\"24a6c07\" data-element_type=\"widget\" data-widget_type=\"text-editor.default\">\n\t\t\t\t<div class=\"elementor-widget-container\">\n\t\t\t\t\t<div class=\"elementor-text-editor elementor-clearfix\"><p><span style=\"color: #ed4532; font-family: 'Source Sans Pro', Arial, Tahoma, sans-serif; font-size: 25px; font-variant-ligatures: inherit; font-variant-caps: inherit; font-weight: bold; letter-spacing: 0px;\"><img loading=\"lazy\" decoding=\"async\" class=\"alignnone wp-image-1736\" src=\"https:\/\/vortex-chemicals.com\/wp-content\/uploads\/2021\/07\/pin.png\" alt=\"\" width=\"37\" height=\"41\" \/><span style=\"vertical-align: inherit;\"><span style=\"vertical-align: inherit;\">Monterrey<\/span><\/span><\/span><\/p><p><span style=\"color: #929496; font-family: 'Source Sans Pro', Arial, Tahoma, sans-serif; font-size: 21px; font-variant-ligatures: inherit; font-variant-caps: inherit; letter-spacing: 0px;\"><span style=\"vertical-align: inherit;\"><span style=\"vertical-align: inherit;\">Hermenegildo Galeana 630 C, El Lechugal, Santa Catarina,<\/span><\/span><\/span><\/p><div style=\"margin-top: 10px; font-style: normal; font-variant-numeric: inherit; font-variant-east-asian: inherit; font-weight: 400; font-stretch: inherit; font-size: 14px; line-height: inherit; font-family: 'Source Sans Pro', Arial, Tahoma, sans-serif; width: 523.594px; float: left; color: #444444;\" data-ultimate-target=\"#Info-box-wrap-8177 .aio-icon-description\" data-responsive-json-new=\"{\"><h4 style=\"margin-bottom: 15px; font-variant: inherit; font-weight: 500; font-stretch: inherit; font-size: 21px; line-height: 25px; font-family: 'Source Sans Pro', Arial, Tahoma, sans-serif; color: #929496; letter-spacing: 0px;\"><span style=\"vertical-align: inherit;\"><span style=\"vertical-align: inherit;\"><span style=\"vertical-align: inherit;\"><span style=\"vertical-align: inherit;\">Nuevo Le\u00f3n, CP 66376<\/span><\/span><\/span><\/span><\/h4><h4 style=\"margin-bottom: 15px; font-variant: inherit; font-weight: 500; font-stretch: inherit; font-size: 21px; line-height: 25px; font-family: 'Source Sans Pro', Arial, Tahoma, sans-serif; color: #929496; letter-spacing: 0px;\"><span style=\"vertical-align: inherit;\"><span style=\"font-variant: inherit; font-stretch: inherit; font-size: inherit; line-height: inherit; color: #ed4532;\"><a style=\"font-variant: inherit; font-stretch: inherit; font-size: inherit; line-height: inherit; outline-style: initial; color: #ed4532;\" href=\"mailto:ventas@quimicabarmont.com\"><span style=\"vertical-align: inherit;\"><span style=\"vertical-align: inherit;\"><span style=\"vertical-align: inherit;\">01800366 <\/span><\/span><\/span><\/a><\/span><span style=\"font-variant: inherit; font-stretch: inherit; font-size: inherit; line-height: inherit; color: #ed4532;\"><a style=\"font-variant: inherit; font-stretch: inherit; font-size: inherit; line-height: inherit; outline-style: initial; color: #ed4532;\" href=\"tel:01 800 366 6342\"><span style=\"vertical-align: inherit;\"><span style=\"vertical-align: inherit;\"><span style=\"vertical-align: inherit;\">6342 <\/span><\/span><\/span><\/a><\/span><\/span><br \/><span style=\"font-variant: inherit; font-stretch: inherit; font-size: inherit; line-height: inherit; color: #ed4532;\"><a style=\"font-variant: inherit; font-stretch: inherit; font-size: inherit; line-height: inherit; outline-style: initial; color: #ed4532;\" href=\"mailto:ventas@quimicabarmont.com\"><span style=\"vertical-align: inherit;\"><span style=\"vertical-align: inherit;\"><span style=\"vertical-align: inherit;\"><span style=\"vertical-align: inherit;\">ventas@quimicabarmont.com<\/span><\/span><\/span><\/span><\/a><\/span><\/h4><\/div><\/div>\n\t\t\t\t<\/div>\n\t\t\t\t<\/div>\n\t\t\t\t\t<\/div>\n\t\t<\/div>\n\t\t\t\t\t\t\t<\/div>\n\t\t<\/section>\n\t\t\t\t<section class=\"elementor-section elementor-top-section elementor-element elementor-element-427dd4c elementor-section-boxed elementor-section-height-default elementor-section-height-default\" data-id=\"427dd4c\" data-element_type=\"section\">\n\t\t\t\t\t\t<div class=\"elementor-container elementor-column-gap-wide\">\n\t\t\t\t\t<div class=\"elementor-column elementor-col-66 elementor-top-column elementor-element elementor-element-62873ca\" data-id=\"62873ca\" data-element_type=\"column\">\n\t\t\t<div class=\"elementor-widget-wrap elementor-element-populated\">\n\t\t\t\t\t\t\t\t<div class=\"elementor-element elementor-element-2b86721 elementor-widget elementor-widget-google_maps\" data-id=\"2b86721\" data-element_type=\"widget\" data-widget_type=\"google_maps.default\">\n\t\t\t\t<div class=\"elementor-widget-container\">\n\t\t\t<div class=\"elementor-custom-embed\"><iframe frameborder=\"0\" scrolling=\"no\" marginheight=\"0\" marginwidth=\"0\" src=\"https:\/\/maps.google.com\/maps?q=Conjunto%20Industrial%20PKCO%2C%20Quer%C3%A9taro%20431%2C%20La%20Piedad%2C%20Qro.&amp;t=m&amp;z=14&amp;output=embed&amp;iwloc=near\" title=\"Conjunto Industrial PKCO, Quer\u00e9taro 431, La Piedad, Qro.\" aria-label=\"Conjunto Industrial PKCO, Quer\u00e9taro 431, La Piedad, Qro.\"><\/iframe><\/div>\t\t<\/div>\n\t\t\t\t<\/div>\n\t\t\t\t\t<\/div>\n\t\t<\/div>\n\t\t\t\t<div class=\"elementor-column elementor-col-33 elementor-top-column elementor-element elementor-element-4298dcc\" data-id=\"4298dcc\" data-element_type=\"column\">\n\t\t\t<div class=\"elementor-widget-wrap elementor-element-populated\">\n\t\t\t\t\t\t\t\t<div class=\"elementor-element elementor-element-fb38e72 elementor-widget elementor-widget-text-editor\" data-id=\"fb38e72\" data-element_type=\"widget\" data-widget_type=\"text-editor.default\">\n\t\t\t\t<div class=\"elementor-widget-container\">\n\t\t\t\t\t<div class=\"elementor-text-editor elementor-clearfix\"><p><span style=\"color: #ed4532; font-family: 'Source Sans Pro', Arial, Tahoma, sans-serif; font-size: 25px; font-variant-ligatures: inherit; font-variant-caps: inherit; font-weight: bold; letter-spacing: 0px;\"><img loading=\"lazy\" decoding=\"async\" class=\"alignnone  wp-image-1736\" src=\"https:\/\/vortex-chemicals.com\/wp-content\/uploads\/2021\/07\/pin.png\" alt=\"\" width=\"39\" height=\"42\" \/>Quer\u00e9taro<\/span><\/p><p><span style=\"color: #929496; font-family: 'Source Sans Pro', Arial, Tahoma, sans-serif; font-size: 21px; font-variant-ligatures: inherit; font-variant-caps: inherit; letter-spacing: 0px;\">Conjunto Industrial PKCo Carretera Estatal 431 Km 1 + 300 Int 5 Norte, El Colorado, El Marqu\u00e9s de Quer\u00e9taro, Quer\u00e9taro, CP 76246<\/span><\/p><div style=\"margin-top: 10px; font-style: normal; font-variant-numeric: inherit; font-variant-east-asian: inherit; font-weight: 400; font-stretch: inherit; font-size: 14px; line-height: inherit; font-family: 'Source Sans Pro', Arial, Tahoma, sans-serif; width: 523.594px; float: left; color: #444444;\" data-ultimate-target=\"#Info-box-wrap-2419 .aio-icon-description\" data-responsive-json-new=\"{&quot;font-size&quot;:&quot;&quot;,&quot;line-height&quot;:&quot;&quot;}\"><h4 style=\"margin-bottom: 15px; font-variant: inherit; font-weight: 500; font-stretch: inherit; font-size: 21px; line-height: 25px; font-family: 'Source Sans Pro', Arial, Tahoma, sans-serif; color: #929496; letter-spacing: 0px;\"><span style=\"font-variant: inherit; font-stretch: inherit; font-size: inherit; line-height: inherit; color: #ed4532;\"><a style=\"font-variant: inherit; font-stretch: inherit; font-size: inherit; line-height: inherit; outline-style: initial; color: #ed4532;\" href=\"tel:442 221 6036\"><span style=\"vertical-align: inherit;\"><span style=\"vertical-align: inherit;\">442221 6036 <\/span><\/span><\/a><\/span><br \/><span style=\"font-variant: inherit; font-stretch: inherit; font-size: inherit; line-height: inherit; color: #ed4532;\"><a style=\"font-variant: inherit; font-stretch: inherit; font-size: inherit; line-height: inherit; outline-style: initial; color: #ed4532;\" href=\"mailto:atencion.clientes@quimicabarmont.com\"><span style=\"vertical-align: inherit;\"><span style=\"vertical-align: inherit;\">atencion.clientes@quimicabarmont.com<\/span><\/span><\/a><\/span><\/h4><\/div><\/div>\n\t\t\t\t<\/div>\n\t\t\t\t<\/div>\n\t\t\t\t\t<\/div>\n\t\t<\/div>\n\t\t\t\t\t\t\t<\/div>\n\t\t<\/section>\n\t\t\t\t\t\t<\/div>\n\t\t\t\t\t<\/div>\n\t\t","protected":false},"excerpt":{"rendered":"<p>Monterrey Hermenegildo Galeana 630 C, El Lechugal, Santa Catarina, Nuevo Le\u00f3n, CP 66376 01800366 6342 ventas@quimicabarmont.com Quer\u00e9taro Conjunto Industrial PKCo Carretera Estatal 431 Km 1 + 300 Int 5 Norte, El Colorado, El Marqu\u00e9s de Quer\u00e9taro, Quer\u00e9taro, CP 76246 442221 6036 atencion.clientes@quimicabarmont.com<\/p>\n","protected":false},"author":1,"featured_media":0,"parent":0,"menu_order":0,"comment_status":"closed","ping_status":"closed","template":"","meta":{"om_disable_all_campaigns":false,"_monsterinsights_skip_tracking":false,"_monsterinsights_sitenote_active":false,"_monsterinsights_sitenote_note":"","_monsterinsights_sitenote_category":0,"footnotes":""},"class_list":["post-200","page","type-page","status-publish","hentry"],"_links":{"self":[{"href":"https:\/\/vortex-chemicals.com\/index.php\/wp-json\/wp\/v2\/pages\/200","targetHints":{"allow":["GET"]}}],"collection":[{"href":"https:\/\/vortex-chemicals.com\/index.php\/wp-json\/wp\/v2\/pages"}],"about":[{"href":"https:\/\/vortex-chemicals.com\/index.php\/wp-json\/wp\/v2\/types\/page"}],"author":[{"embeddable":true,"href":"https:\/\/vortex-chemicals.com\/index.php\/wp-json\/wp\/v2\/users\/1"}],"replies":[{"embeddable":true,"href":"https:\/\/vortex-chemicals.com\/index.php\/wp-json\/wp\/v2\/comments?post=200"}],"version-history":[{"count":168,"href":"https:\/\/vortex-chemicals.com\/index.php\/wp-json\/wp\/v2\/pages\/200\/revisions"}],"predecessor-version":[{"id":1748,"href":"https:\/\/vortex-chemicals.com\/index.php\/wp-json\/wp\/v2\/pages\/200\/revisions\/1748"}],"wp:attachment":[{"href":"https:\/\/vortex-chemicals.com\/index.php\/wp-json\/wp\/v2\/media?parent=200"}],"curies":[{"name":"wp","href":"https:\/\/api.w.org\/{rel}","templated":true}]}}